- -1) + 10 + -13. Let h = k + u. Is h a prime number?
False
Let u(l) = 3*l**2 - 6*l + 7. Suppose 0 = 5*n + 2*c - 70, -2*n + 29 = -0*c + c. Suppose -d + n = d. Is u(d) a composite number?
False
Let u(h) = 2185*h**2 + 1. Is u(-2) a composite number?
False
Suppose -3*v + 2373 = -3*i, -2*i + 2389 = 3*v + 3*i. Is v a prime number?
False
Suppose -n = 2*n - 1749. Is n a prime number?
False
Let i(l) = -4*l. Let m be i(-1). Suppose 4*d = 3*o - m - 0, 4*o - 26 = -5*d. Is (d + 1)*(-94)/(-6) a prime number?
True
Let n(w) = 103*w**2 + 1. Let h be n(1). Let y = -71 + h. Is y prime?
False
Let i = 539 + -360. Let n = i - -264. Is n prime?
True
Let m = -12 + 16. Let g(t) = t**2 + t + 300. Let b be g(0). Suppose m*n = f - 11 - 44, -4*f + b = 4*n. Is f prime?
True
Let s = 11 - 15. Is 35/(-4 - s - -1) prime?
False
Let a(y) = y + 5. Let q be a(-5). Let s = q - 0. Let d(u) = u + 163. Is d(s) a composite number?
False
Suppose -r = 4*o - 3*o, -5*r - 3*o = 0. Suppose -2*m + 4*x + 36 = r, -5*m + 8*x = 3*x - 80. Is m a composite number?
True
Let u(b) = b**3 - 9*b**2 + 8*b + 10. Is u(8) prime?
False
Let i = -33 + 13. Let a = 40 + 3. Let t = a + i. Is t prime?
True
Let k(l) = 16*l**2 - 5*l - 2. Is k(-3) composite?
False
Let r = -16 + 26. Is r*2/(12/33) composite?
True
Suppose -840 = -z + 521. Is z a prime number?
True
Let o(f) = -6*f**2 + 2*f + 5. Let y be o(-6). Let p = -123 - y. Let r = p - 3. Is r a composite number?
False
Suppose 0 = 2*o - 24 - 26. Let y = o - 2. Is y a prime number?
True
Let w = -251 - -362. Let t = 0 - -1. Suppose -w = -5*m - t. Is m a composite number?
True
Let a(g) = 3*g**2 + 0*g**2 - 18*g + 10 + 8*g. Suppose 67 = 5*q + 22. Is a(q) composite?
False
Suppose -4*a + 1295 = a + 5*k, -3*k = 4*a - 1040. Is a composite?
False
Let p(w) = -w**3 - 6*w**2 - w + 8. Let q be (-50)/8 + (-3)/(-12). Let m be p(q). Let j = m - -35. Is j composite?
True
Suppose -3*f + 9 = 3. Suppose -f*b + 79 = -b. Is b a prime number?
True
Let o = -6 + 4. Let b(r) = -10*r + 2. Is b(o) a composite number?
True
Let d(a) = -172*a**2 + 1. Let y be d(-1). Let i = 656 + y. Is i a prime number?
False
Let l(i) = -i**2 + i + 2. Let f be (3 - 1)*(-2)/(-1). Let d be l(f). Is 4/10 - 4966/d a composite number?
True
Suppose -259 = 4*g - 991. Let z = g + -42. Is z a composite number?
True
Is (-2)/(-7) - (-2925)/(-14)*-18 a prime number?
True
Let b(p) = -149*p - 7. Is b(-4) a composite number?
True
Let g(l) be the first derivative of -l**2/2 - 2*l + 2. Let f be g(-6). Suppose -s + 53 = -o + 2*o, f*s = o + 222. Is s composite?
True
Suppose -24875 = 13*l - 38*l. Is l a composite number?
True
Let w(g) = g**3 + 12*g**2 + 14*g - 13. Let c(f) = 2*f**3 + 25*f**2 + 29*f - 25. Let r(x) = -3*c(x) + 5*w(x). Is r(-15) a prime number?
False
Suppose 3*u + 1 = -11. Is 1/u - (-2219)/28 prime?
True
Let x = 3115 + -666. Is x a composite number?
True
Let s(r) = 1105*r + 3. Is s(2) composite?
False
Suppose w + 8*f = 3*f + 932, 3*f + 4520 = 5*w. Is w composite?
False
Let d(g) = -g - 7. Let f be d(-9). Suppose -2*u - 103 = -3*h + f, -5*h - u = -188. Is h a composite number?
False
Let j = -9 - -13. Suppose 3*m + 160 = j*q, -3*m = m + 16. Is q prime?
True
Suppose -4*h = -4*m - 12, -4*h + 30 - 10 = 4*m. Suppose -3 - m = -i - 5*b, 16 = 4*i - 2*b. Suppose i*l = -0*l + 340. Is l a prime number?
False
Let m(t) = -2*t**3 - 5*t**2 - t - 4. Let k be m(-4). Suppose -4*z = 4*h - 112, -h + 0*h + 5*z + 34 = 0. Let n = k - h. Is n prime?
True
Suppose n + 765 = 2*t - 4*n, -2*t = 2*n - 800. Is t a composite number?
True
Let v(o) = -50*o**3 + 4*o**2 + 5. Is v(-4) a prime number?
False
Suppose -2*o - n = -385, -5*o + 0*n + n + 952 = 0. Is o a composite number?
False
Let j(h) = -177*h + 2. Let q = 0 + -5. Is j(q) a composite number?
False
Let r(m) = 19*m. Let z be r(2). Suppose -3*o = -o - z. Is o*1 + (-2 - -4) a prime number?
False
Suppose -7*o + 151 = 2*t - 2*o, 2*t - 148 = -2*o. Suppose -t = -4*l + 387. Is l prime?
False
Let r(q) = -q - 1. Let b be r(-1). Suppose b = 2*i - 41 - 133. Is i composite?
True
Let r(l) = -5*l - 3*l**2 - 5*l**3 + 6*l**3 - 2*l**2 + 9. Is r(6) composite?
True
Let q be -1 - (-1 - 1) - -30. Suppose 5*x + 2*b = -0*x + 39, -2*b - q = -5*x. Is x a composite number?
False
Let s(m) be the second derivative of 3*m**5/4 + m**3/6 - m**2/2 - 4*m. Is s(1) prime?
False
Suppose i + 1 = 3. Let a be (-3)/(i - 5)*0. Suppose u + 50 - 163 = a. Is u a composite number?
False
Let t = -1 + -2. Let o(r) = -r**2 - 3*r. Let x be o(t). Suppose x = b - 38 - 15. Is b a composite number?
False
Let s(a) = -2*a - 3. Let n be s(-8). Suppose -n - 11 = 2*p. Is 74*2/p*-3 composite?
False
Let l be (2 - 7/1) + 1. Is ((-10)/(-15))/(l/(-654)) composite?
False
Suppose 0 = -4*j - 4*r + 6248, 0 = -3*j - 6*r + 2*r + 4682. Is (-4)/14 - j/(-42) composite?
False
Suppose 0 = 5*d - 1409 - 266. Is d composite?
True
Suppose -2522 = -4*i - 646. Is i a composite number?
True
Suppose -5*o + 0*m - 2*m + 735 = 0, 134 = o + 3*m. Is o a prime number?
True
Suppose -4*s = 2*y - 1348, 165 = s + 5*y - 190. Is s prime?
False
Let v(z) = -586*z**3 + z**2 - 1. Let f be v(1). Is -2*f*(-1)/(-4) prime?
True
Let j(k) = -41*k - 14. Is j(-13) a composite number?
True
Suppose 5*o - 2085 = 2*l, 0 = -o - 6*l + 2*l + 395. Is o prime?
False
Suppose -b - 4*b = -25, -4*b + 16 = -d. Let o(v) = -3 - 38*v - d + 3 + 1. Is o(-4) a composite number?
False
Suppose 0 = -25*t + 26*t - 1814. Is t a composite number?
True
Suppose -2*j = -0*j + 3*v - 506, j - 253 = 4*v. Is j prime?
False
Let j be 2/9 + 32/18. Is j/(-4)*(-2262)/3 a prime number?
False
Let u(i) = -i**2 + 5*i - 1. Let g be u(4). Suppose g*p - p = -16. Let t = 6 - p. Is t a composite number?
True
Let u = -37 + 344. Is u a prime number?
True
Suppose -2*h + 21 = -r + 5, 0 = -4*r + 16. Is 190/(-2)*(-4)/h prime?
False
Let n(f) = 32*f + 5. Let g be n(7). Let r = g + -158. Is r prime?
True
Let c(k) = -11*k**2 + 12*k - 5*k + 6*k + k**3 - 8. Is c(10) composite?
True
Suppose -3*b + 1260 = 2*b. Is 12/(-6) + b + 1 a composite number?
False
Let z be 12/15*15/6. Suppose -z*i = -i - 89. Is i a composite number?
False
Let o(b) = -47*b + 4. Is o(-3) a prime number?
False
Let r be 4/18 - 2706/27. Let i = r - -191. Is i a composite number?
True
Suppose -12 = u - 5*i, 2*u = -2*i + 2 + 22. Let c = -3 + u. Suppose 0 = 3*b - c*b + 14. Is b a prime number?
True
Let c(j) = -8*j. Suppose -4 = 3*s + s. Let t be c(s). Let p = -1 + t. Is p a composite number?
False
Suppose -5*c - 30 = -5*j, 5*c + 1 - 7 = -4*j. Is c/4 + 188/8 composite?
False
Let r(f) = f**2 - 1. Suppose 23 = 5*v + 8. Let p be r(v). Is (-2894)/(-18) + p/36 a prime number?
False
Let p(l) = 5*l + 4 - l + 8*l**2 - 2*l**2. Is p(-3) prime?
False
Let s be ((-6)/8)/(6/(-16)). Let w be (-100)/(-7) - (-4)/(-14). Suppose 2*y - w = -4*t, 3*y - s*y - 3*t - 12 = 0. Is y a prime number?
False
Suppose -5*n = 4*l - 249 - 1652, 0 = -2*l - n + 943. Is l prime?
False
Let a = 435 + -106. Is a composite?
True
Let s(v) = 4*v + 3*v**3 - 3 - 10*v**2 + 10*v**2. Is s(4) prime?
False
Suppose 3*s - 2114 - 919 = 0. Is s a composite number?
True
Let p(y) = 402*y**3 - y + 4. Let h be p(3). Is (-4)/14 - h/(-91) a composite number?
True
Let q(x) = 6*x + x + 1 - 4. Let a be q(3). Is 1*(-3)/(-6)*a a prime number?
False
Let p(f) = -2 + 4*f - 3*f + 2*f**2 - 24*f**3 - 6*f**2 + 3*f**2. Let o be p(2). Let i = -69 - o. Is i a prime number?
True
Let j(h) = -2*h - 4. Let u be j(-3). Let a be 2 - (-84)/u - 2. Suppose -l + 3*l = a. Is l a prime number?
False
Suppose s = 1004 + 395. Is s a composite number?
False
Let w = 608 - 177. Is w a composite number?
False
Let s(x) = -2*x**3 - 18*x**2 + 19*x - 5. Is s(-14) a prime number?
False
Let p be 1 - (2 - 6)*1. Suppose 313 = j - 2*v - 290, 0 = -2*j + p*v + 1208. Is j a prime number?
True
Suppose 9*o - 3695 = 2326. Is o a composite number?
True
Suppose 0 = p - 5 - 3. Let s = p - 5. Is s a composite number?
False
Suppose 3*q - x + 5*x + 536 = 0, 5*q - x = -878. Let a = q + 291. Is a composite?
True
Let m = -2108 - -3649. Is m a prime number?
False
Let j = 412 - 619. Let b = j + 338. Is b composite?
False
Let o = 14 + -11. Is -2 - -5 - (-2028)/o composite?
True
Let l = -83 - -160. Is l a composite number?
True
Suppose 0*y - 11272 = -8*y. Is y a prime number?
True
Let m = 1 + -1. Suppose -3*f + 5